{"id":351,"date":"2024-03-01T17:36:10","date_gmt":"2024-03-01T16:36:10","guid":{"rendered":"https:\/\/growroute.de\/?page_id=351"},"modified":"2024-03-01T17:53:18","modified_gmt":"2024-03-01T16:53:18","slug":"351-2","status":"publish","type":"page","link":"https:\/\/growroute.de\/?page_id=351","title":{"rendered":"Webdesing"},"content":{"rendered":"\t\t<div data-elementor-type=\"wp-page\" data-elementor-id=\"351\" class=\"elementor elementor-351\">\n\t\t\t\t\t\t<section class=\"elementor-section elementor-top-section elementor-element elementor-element-9fb4829 elementor-section-boxed elementor-section-height-default elementor-section-height-default\" data-id=\"9fb4829\" data-element_type=\"section\">\n\t\t\t\t\t\t<div class=\"elementor-container elementor-column-gap-default\">\n\t\t\t\t\t<div class=\"elementor-column elementor-col-100 elementor-top-column elementor-element elementor-element-3d33e7a4\" data-id=\"3d33e7a4\" data-element_type=\"column\">\n\t\t\t<div class=\"elementor-widget-wrap elementor-element-populated\">\n\t\t\t\t\t\t<div class=\"elementor-element elementor-element-010548c elementor-widget elementor-widget-heading\" data-id=\"010548c\" data-element_type=\"widget\" data-widget_type=\"heading.default\">\n\t\t\t\t<div class=\"elementor-widget-container\">\n\t\t\t<style>\/*! elementor - v3.19.0 - 28-02-2024 *\/\n.elementor-heading-title{padding:0;margin:0;line-height:1}.elementor-widget-heading .elementor-heading-title[class*=elementor-size-]>a{color:inherit;font-size:inherit;line-height:inherit}.elementor-widget-heading .elementor-heading-title.elementor-size-small{font-size:15px}.elementor-widget-heading .elementor-heading-title.elementor-size-medium{font-size:19px}.elementor-widget-heading .elementor-heading-title.elementor-size-large{font-size:29px}.elementor-widget-heading .elementor-heading-title.elementor-size-xl{font-size:39px}.elementor-widget-heading .elementor-heading-title.elementor-size-xxl{font-size:59px}<\/style><h2 class=\"elementor-heading-title elementor-size-default\">Eine Website ist wie eine Visitenkarte<\/h2>\t\t<\/div>\n\t\t\t\t<\/div>\n\t\t\t\t<div class=\"elementor-element elementor-element-30f913ea elementor-widget elementor-widget-text-editor\" data-id=\"30f913ea\" data-element_type=\"widget\" data-widget_type=\"text-editor.default\">\n\t\t\t\t<div class=\"elementor-widget-container\">\n\t\t\t<style>\/*! elementor - v3.19.0 - 28-02-2024 *\/\n.elementor-widget-text-editor.elementor-drop-cap-view-stacked .elementor-drop-cap{background-color:#69727d;color:#fff}.elementor-widget-text-editor.elementor-drop-cap-view-framed .elementor-drop-cap{color:#69727d;border:3px solid;background-color:transparent}.elementor-widget-text-editor:not(.elementor-drop-cap-view-default) .elementor-drop-cap{margin-top:8px}.elementor-widget-text-editor:not(.elementor-drop-cap-view-default) .elementor-drop-cap-letter{width:1em;height:1em}.elementor-widget-text-editor .elementor-drop-cap{float:left;text-align:center;line-height:1;font-size:50px}.elementor-widget-text-editor .elementor-drop-cap-letter{display:inline-block}<\/style>\t\t\t\t<p>Kaum ein anderes Marketinginstrument ist so entscheidend f\u00fcr den Erfolg eines Unternehmens wie seine Webseite. In einer Zeit, in der kaum jemand noch in den Gelben Seiten nachschl\u00e4gt, wenden sich potenzielle Kunden an Google, um Informationen zu finden. Daher ist es von gr\u00f6\u00dfter Bedeutung, dass Ihr Online-Auftritt nicht nur pr\u00e4sent, sondern auch professionell, ansprechend und benutzerfreundlich gestaltet ist.\u00a0<\/p>\n<p>Eine hochwertige Webseite dient als zentrale Anlaufstelle f\u00fcr Ihre Kunden und spiegelt die Qualit\u00e4t und die Werte Ihres Unternehmens wider. In der digitalen Landschaft von heute ist eine optimierte, informative und visuell ansprechende Webseite unerl\u00e4sslich, um sich von der Konkurrenz abzuheben und nachhaltigen Gesch\u00e4ftserfolg zu sichern.<\/p>\t\t\t\t\t\t<\/div>\n\t\t\t\t<\/div>\n\t\t\t\t\t<\/div>\n\t\t<\/div>\n\t\t\t\t\t<\/div>\n\t\t<\/section>\n\t\t\t\t<section class=\"elementor-section elementor-top-section elementor-element elementor-element-45db129 elementor-section-boxed elementor-section-height-default elementor-section-height-default\" data-id=\"45db129\" data-element_type=\"section\">\n\t\t\t\t\t\t<div class=\"elementor-container elementor-column-gap-default\">\n\t\t\t\t\t<div class=\"elementor-column elementor-col-100 elementor-top-column elementor-element elementor-element-0ab972b\" data-id=\"0ab972b\" data-element_type=\"column\">\n\t\t\t<div class=\"elementor-widget-wrap elementor-element-populated\">\n\t\t\t\t\t\t<div class=\"elementor-element elementor-element-2409728 elementor-widget elementor-widget-heading\" data-id=\"2409728\" data-element_type=\"widget\" data-widget_type=\"heading.default\">\n\t\t\t\t<div class=\"elementor-widget-container\">\n\t\t\t<h2 class=\"elementor-heading-title elementor-size-default\">Was sind CMS Systeme?<\/h2>\t\t<\/div>\n\t\t\t\t<\/div>\n\t\t\t\t<div class=\"elementor-element elementor-element-270c54d elementor-widget elementor-widget-text-editor\" data-id=\"270c54d\" data-element_type=\"widget\" data-widget_type=\"text-editor.default\">\n\t\t\t\t<div class=\"elementor-widget-container\">\n\t\t\t\t\t\t\t<p>CMS-Systeme, kurz f\u00fcr Content-Management-Systeme, sind leistungsstarke Softwarel\u00f6sungen, die es Benutzern erm\u00f6glichen, digitale Inhalte effektiv zu erstellen, zu verwalten und zu modifizieren, ohne tiefgreifende technische Kenntnisse in Webentwicklung oder Programmierung zu ben\u00f6tigen. Diese Systeme bieten eine benutzerfreundliche Oberfl\u00e4che, durch die Nutzer Inhalte wie Texte, Bilder und Videos auf ihren Webseiten einbinden, aktualisieren und organisieren k\u00f6nnen.<\/p>\n<p>Der Kernvorteil eines CMS liegt in seiner Flexibilit\u00e4t und Benutzerfreundlichkeit. Anwender k\u00f6nnen ohne umfangreiche Vorkenntnisse Inhalte erstellen, bearbeiten und ver\u00f6ffentlichen, was die Pflege der Webseite erheblich vereinfacht. Dar\u00fcber hinaus erm\u00f6glichen CMS-Systeme eine effiziente Zusammenarbeit im Team, da mehrere Benutzer gleichzeitig an unterschiedlichen Inhalten arbeiten k\u00f6nnen.<\/p>\n<p>Ein weiterer entscheidender Aspekt von CMS-Systemen ist ihre Skalierbarkeit. Sie unterst\u00fctzen Unternehmen jeder Gr\u00f6\u00dfe dabei, ihre Webpr\u00e4senz zu erweitern und anzupassen, um mit dem Wachstum und den sich \u00e4ndernden Anforderungen Schritt zu halten. Egal ob es sich um einen kleinen Blog oder eine umfangreiche Unternehmenswebsite handelt, ein CMS bietet die notwendigen Werkzeuge f\u00fcr ein effektives digitales Content-Management.<\/p>\nZusammenfassend sind CMS-Systeme eine unverzichtbare Komponente in der digitalen Strategie eines jeden Unternehmens, die es erm\u00f6glicht, mit geringem Aufwand eine dynamische und ansprechende Online-Pr\u00e4senz zu schaffen und zu pflegen.\t\t\t\t\t\t<\/div>\n\t\t\t\t<\/div>\n\t\t\t\t\t<\/div>\n\t\t<\/div>\n\t\t\t\t\t<\/div>\n\t\t<\/section>\n\t\t\t\t<\/div>\n\t\t","protected":false},"excerpt":{"rendered":"<p>Eine Website ist wie eine Visitenkarte Kaum ein anderes Marketinginstrument ist so entscheidend f\u00fcr den Erfolg eines Unternehmens wie seine Webseite. In einer Zeit, in der kaum jemand noch in den Gelben Seiten nachschl\u00e4gt, wenden sich potenzielle Kunden an Google, um Informationen zu finden. Daher ist es von gr\u00f6\u00dfter Bedeutung, dass Ihr Online-Auftritt nicht nur [&hellip;]<\/p>\n","protected":false},"author":1,"featured_media":0,"parent":0,"menu_order":0,"comment_status":"closed","ping_status":"closed","template":"elementor_header_footer","meta":{"footnotes":""},"_links":{"self":[{"href":"https:\/\/growroute.de\/index.php?rest_route=\/wp\/v2\/pages\/351"}],"collection":[{"href":"https:\/\/growroute.de\/index.php?rest_route=\/wp\/v2\/pages"}],"about":[{"href":"https:\/\/growroute.de\/index.php?rest_route=\/wp\/v2\/types\/page"}],"author":[{"embeddable":true,"href":"https:\/\/growroute.de\/index.php?rest_route=\/wp\/v2\/users\/1"}],"replies":[{"embeddable":true,"href":"https:\/\/growroute.de\/index.php?rest_route=%2Fwp%2Fv2%2Fcomments&post=351"}],"version-history":[{"count":9,"href":"https:\/\/growroute.de\/index.php?rest_route=\/wp\/v2\/pages\/351\/revisions"}],"predecessor-version":[{"id":361,"href":"https:\/\/growroute.de\/index.php?rest_route=\/wp\/v2\/pages\/351\/revisions\/361"}],"wp:attachment":[{"href":"https:\/\/growroute.de\/index.php?rest_route=%2Fwp%2Fv2%2Fmedia&parent=351"}],"curies":[{"name":"wp","href":"https:\/\/api.w.org\/{rel}","templated":true}]}}